oes 12 divide 3660?
True
Is 6052 a multiple of 68?
True
Is 868 a multiple of 4?
True
Is 20 a factor of 29474?
False
Does 77 divide 1078?
True
Is 3 a factor of 112?
False
Does 365 divide 140232?
False
Is 11 a factor of 1595?
True
Is 17 a factor of 1846?
False
Does 129 divide 6450?
True
Does 393 divide 19509?
False
Is 7803 a multiple of 5?
False
Is 2590 a multiple of 44?
False
Is 510 even?
True
Is 33 a factor of 1050?
False
Does 14 divide 1015?
False
Does 43 divide 4859?
True
Does 67 divide 2546?
True
Is 4620 a multiple of 37?
False
Is 1074 a multiple of 14?
False
Is 2 a factor of 1998?
True
Is 1117 a multiple of 18?
False
Is 1524 a multiple of 18?
False
Is 6684 a multiple of 12?
True
Does 17 divide 914?
False
Is 23194 a multiple of 8?
False
Does 16 divide 16512?
True
Does 92 divide 12733?
False
Is 12 a factor of 33224?
False
Is 2177 a multiple of 60?
False
Is 579 a multiple of 19?
False
Is 61 a multiple of 44?
False
Is 3051 even?
False
Is 2214 a multiple of 6?
True
Is 38 a factor of 40465?
False
Is 32 a factor of 9440?
True
Is 41849 a multiple of 59?
False
Does 3 divide 334?
False
Is 24 a factor of 926?
False
Does 115 divide 20470?
True
Does 4 divide 80?
True
Is 6016 a multiple of 76?
False
Is 40 a factor of 26480?
True
Is 9069 a multiple of 143?
False
Does 67 divide 1546?
False
Is 149 a multiple of 18?
False
Does 9 divide 744?
False
Is 5 a factor of 580?
True
Is 14769 a multiple of 46?
False
Does 105 divide 14175?
True
Is 22286 a multiple of 154?
False
Does 40 divide 17520?
True
Is 1305 a multiple of 23?
False
Is 9134 a multiple of 37?
False
Is 20 a factor of 9083?
False
Does 23 divide 667?
True
Does 23 divide 92?
True
Is 1382 a multiple of 9?
False
Does 65 divide 21905?
True
Is 1064 a multiple of 56?
True
Is 1196 a multiple of 92?
True
Is 23898 a multiple of 42?
True
Is 3848 a multiple of 8?
True
Is 35 a factor of 376?
False
Is 18 a factor of 4825?
False
Is 716 a multiple of 28?
False
Is 55401 a multiple of 15?
False
Is 180 a multiple of 4?
True
Is 232 a multiple of 8?
True
Is 1600 a multiple of 16?
True
Does 69 divide 41814?
True
Does 19 divide 524?
False
Is 11 a factor of 2146?
False
Is 19823 a multiple of 51?
False
Does 31 divide 52180?
False
Is 15 a factor of 5337?
False
Is 53 a factor of 1855?
True
Does 3 divide 9204?
True
Is 4 a factor of 717?
False
Does 34 divide 408?
True
Is 2136 a multiple of 114?
False
Does 11 divide 4631?
True
Does 85 divide 16660?
True
Is 1938 a multiple of 19?
True
Is 46 a factor of 966?
True
Is 14 a factor of 781?
False
Is 5 a factor of 403?
False
Does 2 divide 173?
False
Is 1860 a multiple of 3?
True
Is 8451 a multiple of 27?
True
Is 32 a factor of 3136?
True
Is 8 a factor of 6922?
False
Does 11 divide 26873?
True
Is 1194 a multiple of 28?
False
Is 32 a factor of 1306?
False
Is 3920 a multiple of 28?
True
Is 5 a factor of 1715?
True
Does 11 divide 4158?
True
Does 18 divide 739?
False
Does 58 divide 32629?
False
Does 2 divide 3653?
False
Is 529 even?
False
Does 16 divide 736?
True
Is 19 a factor of 49666?
True
Is 5866 a multiple of 5?
False
Does 38 divide 4472?
False
Is 35 a multiple of 13?
False
Is 7872 a multiple of 64?
True
Does 36 divide 9000?
True
Is 4692 a multiple of 7?
False
Does 15 divide 70?
False
Is 12 a factor of 23561?
False
Does 14 divide 448?
True
Is 16 a factor of 14368?
True
Is 21 a factor of 51948?
False
Is 6068 a multiple of 114?
False
Is 26 a factor of 8161?
False
Is 788 a multiple of 53?
False
Is 21819 a multiple of 7?
True
Does 27 divide 739?
False
Is 6340 a multiple of 14?
False
Does 14 divide 11680?
False
Does 155 divide 18165?
False
Does 19 divide 5948?
False
Is 44496 a multiple of 48?
True
Does 57 divide 633?
False
Does 38 divide 1216?
True
Does 69 divide 3036?
True
Is 9180 a multiple of 20?
True
Is 95 a factor of 4310?
False
Is 1238 a multiple of 16?
False
Is 25 a factor of 3525?
True
Does 7 divide 2688?
True
Is 9360 a multiple of 117?
True
Does 32 divide 39422?
False
Is 333 a multiple of 9?
True
Is 10464 a multiple of 4?
True
Is 10 a factor of 4340?
True
Is 121 a factor of 7233?
False
Is 1613 a multiple of 3?
False
Is 11 a factor of 549?
False
Is 7 a factor of 34?
False
Is 23044 a multiple of 7?
True
Is 960 a multiple of 40?
True
Does 92 divide 3312?
True
Is 2 a factor of 486?
True
Is 7 a factor of 2010?
False
Is 84 a factor of 231?
False
Is 946 a multiple of 22?
True
Does 115 divide 73370?
True
Is 3672 a multiple of 18?
True
Does 70 divide 16954?
False
Is 4794 a multiple of 17?
True
Does 10 divide 230?
True
Is 12 a factor of 2490?
False
Is 16349 a multiple of 70?
False
Does 188 divide 13912?
True
Does 73 divide 62707?
True
Is 77 a factor of 3311?
True
Is 9 a factor of 627?
False
Is 14 a factor of 574?
True
Does 49 divide 57967?
True
Does 210 divide 69300?
True
Is 67 a factor of 25681?
False
Does 38 divide 14896?
True
Is 4067 a multiple of 83?
True
Does 53 divide 4982?
True
Is 70 a factor of 5473?
False
Does 22 divide 113?
False
Is 1276 a multiple of 44?
True
Is 12367 a multiple of 28?
False
Does 7 divide 15191?
False
Is 29 a factor of 4111?
False
Is 2812 a multiple of 148?
True
Does 55 divide 3795?
True
Is 572 a multiple of 26?
True
Is 14 a factor of 377?
False
Is 15 a factor of 1403?
False
Is 11496 a multiple of 8?
True
Is 24 a factor of 2385?
False
Is 10 a factor of 15886?
False
Does 35 divide 1455?
False
Is 18 a factor of 1836?
True
Does 5 divide 4640?
True
Does 4 divide 9011?
False
Does 5 divide 447?
False
Is 1066 a multiple of 8?
False
Does 16 divide 2464?
True
Is 25 a factor of 1044?
False
Is 12084 a multiple of 19?
True
Is 14 a factor of 6638?
False
Is 226 a multiple of 14?
False
Does 8 divide 4606?
False
Is 14 a factor of 226?
False
Does 16 divide 976?
True
Is 11 a factor of 26860?
False
Is 54 a factor of 702?
True
Is 93 a factor of 85095?
True
Does 14 divide 2773?
False
Does 35 divide 1085?
True
Is 951 a multiple of 65?
False
Is 17 a factor of 36973?
False
Does 38 divide 14363?
False
Does 2 divide 232?
True
Does 121 divide 131489?
False
Is 67 a factor of 1810?
False
Does 9 divide 670?
False
Does 9 divide 279?
True
Does 2 divide 311?
False
Does 91 divide 5187?
True
Is 1637 a multiple of 5?
False
Is 614 even?
True
Does 23 divide 5014?
True
Does 155 divide 8515?
False
Does 29 divide 5500?
False
Is 6 a factor of 422?
False
Is 5243 a multiple of 107?
True
Is 112 a factor of 17024?
True
Does 10 divide 10227?
False
Is 40986 a multiple of 5?
False
Is 8 a factor of 1104?
True
Is 43524 a multiple of 156?
True
Is 335 a multiple of 3?
False
Is 968 a multiple of 22?
True
Does 49 divide 5896?
False
Is 76405 a multiple of 51?
False
Does 16 divide 35728?
True
Is 55 a factor of 3465?
True
Is 301 a factor of 30529?
False
Is 13 a factor of 11050?
True
Does 23 divide 7006?
False
Does 43 divide 8041?
True
Is 6 a factor of 546?
True
Does 41 divide 3690?
True
Is 15930 a multiple of 4?
False
Is 19637 a multiple of 91?
False
Is 9 a factor of 4159?
False
Does 9 divide 29709?
True
Is 3 a factor of 8551?
False
Is 21 a factor of 1766?
False
Does 50 divide 60650?
True
Is 1269 a multiple of 33?
False
Does 25 divide 529?
False
Is 19 a factor of 1924?
False
Is 66 a factor of 66235?
False
Does 9 divide 14571?
True
Is 2388 a multiple of 77?
False
Is 7 a factor of 591?
False
Is 167 a factor of 14362?
True
Does 13 divide 195?
True
Does 114 divide 2353?
False
Is 176 a multiple of 22?
True
Is 19 a factor of 30400?
True
Does 13 divide 455?
True
Is 7514 a multiple of 165?
False
Is 59 even?
False
Is 124 a factor of 8283?
False
Is 62 a multiple of 14?
False
Is 19440 a multiple of 5?
True
Is 17 a factor of 8704?
True
Is 6673 a multiple of 4?
False
Does 8 divide 208?
True
Does 11 divide 315?
False
Is 2 a factor of 1017?
False
Does 14 divide 15484?
True
Does 20 divide 31790?
False
Is 33210 a multiple of 205?
True
Is 11786 a multiple of 166?
True
Does 119 divide 775?
False
Is 1320 a multiple of 24?
True
Is 3 a factor of 16?
False
Is 138035 a multiple of 300?
False
Is 25 a multiple of 5?
True
Does 8 divide 16?
True
Is 25 a factor of 525?
True
Does 32 divide 211?
False
Does 93 divide 1379?
False
Is 1634 a multiple of 41?
False
Is 410 a multiple of 13?
False
Is 222 a factor of 3996?
True
Does 213 divide 12780?
True
Is 20 a factor of 400?
True
Does 69 divide 9055?
False
Is 56 a factor of 896?
True
Is 3 a factor of 547?
